{"id":25349,"date":"2026-02-11T04:49:36","date_gmt":"2026-02-11T03:49:36","guid":{"rendered":"https:\/\/jokkoshop.com\/?post_type=product&#038;p=25349"},"modified":"2026-02-11T04:56:37","modified_gmt":"2026-02-11T03:56:37","slug":"robe-abaya-marocaine-femme","status":"publish","type":"product","link":"https:\/\/jokkoshop.com\/index.php\/product\/robe-abaya-marocaine-femme\/","title":{"rendered":"ROBE ABAYA MAROCAINE FEMME"},"content":{"rendered":"<div class=\"Y3BBE\" data-sfc-cp=\"\" data-hveid=\"CAIQAA\" data-processed=\"true\" data-complete=\"true\">\n<div data-subtree=\"aimfl\" data-complete=\"true\" data-processed=\"true\">Cette robe est une <strong class=\"Yjhzub\" data-complete=\"true\" data-processed=\"true\">abaya longue pour femme<\/strong>, souvent d\u00e9crite comme \u00e9tant de <strong class=\"Yjhzub\" data-complete=\"true\" data-processed=\"true\">style marocain<\/strong>ou une <strong class=\"Yjhzub\" data-complete=\"true\" data-processed=\"true\">gandoura<\/strong>. Elle se caract\u00e9rise par son tissu fluide orn\u00e9 de <strong class=\"Yjhzub\" data-complete=\"true\" data-processed=\"true\">rayures verticales<\/strong> ton sur ton et de d\u00e9licates <strong class=\"Yjhzub\" data-processed=\"true\" data-complete=\"true\">broderies<\/strong> au niveau du col en V et des poignets.Ample et fluide, offrant une silhouette \u00e9lanc\u00e9e.<span class=\"T286Pc\" data-sfc-cp=\"\" data-complete=\"true\">\u00a0Convient aussi bien pour un usage quotidien que pour des occasions sp\u00e9ciales.<\/span><span class=\"uJ19be notranslate\" data-wiz-uids=\"VIJxfb_1d,VIJxfb_1e\" data-complete=\"true\"><span class=\"vKEkVd\" data-animation-atomic=\"\" data-wiz-attrbind=\"class=VIJxfb_1c\/TKHnVd\" data-sae=\"\"><span aria-hidden=\"true\">\u00a0<\/span><\/span><\/span><\/div>\n<p>&nbsp;<\/p>\n<\/div>\n","protected":false},"excerpt":{"rendered":"<p>Cette robe est une abaya longue pour femme, souvent d\u00e9crite comme \u00e9tant de style marocainou une gandoura. Elle se caract\u00e9rise par son tissu fluide orn\u00e9 de rayures verticales ton sur ton et de d\u00e9licates broderies au niveau du col en V et des poignets.Ample et fluide, offrant une silhouette \u00e9lanc\u00e9e.\u00a0Convient aussi bien pour un usage [&hellip;]<\/p>\n","protected":false},"featured_media":25212,"comment_status":"open","ping_status":"closed","template":"","meta":{"_monsterinsights_skip_tracking":false,"_monsterinsights_sitenote_active":false,"_monsterinsights_sitenote_note":"","_monsterinsights_sitenote_category":0},"product_cat":[15,137],"product_tag":[],"class_list":["post-25349","product","type-product","status-publish","has-post-thumbnail","hentry","product_cat-uncategorized","product_cat-femme","add-to-wishlist-after_add_to_cart"],"aioseo_notices":[],"_links":{"self":[{"href":"https:\/\/jokkoshop.com\/index.php\/wp-json\/wp\/v2\/product\/25349","targetHints":{"allow":["GET"]}}],"collection":[{"href":"https:\/\/jokkoshop.com\/index.php\/wp-json\/wp\/v2\/product"}],"about":[{"href":"https:\/\/jokkoshop.com\/index.php\/wp-json\/wp\/v2\/types\/product"}],"replies":[{"embeddable":true,"href":"https:\/\/jokkoshop.com\/index.php\/wp-json\/wp\/v2\/comments?post=25349"}],"wp:featuredmedia":[{"embeddable":true,"href":"https:\/\/jokkoshop.com\/index.php\/wp-json\/wp\/v2\/media\/25212"}],"wp:attachment":[{"href":"https:\/\/jokkoshop.com\/index.php\/wp-json\/wp\/v2\/media?parent=25349"}],"wp:term":[{"taxonomy":"product_cat","embeddable":true,"href":"https:\/\/jokkoshop.com\/index.php\/wp-json\/wp\/v2\/product_cat?post=25349"},{"taxonomy":"product_tag","embeddable":true,"href":"https:\/\/jokkoshop.com\/index.php\/wp-json\/wp\/v2\/product_tag?post=25349"}],"curies":[{"name":"wp","href":"https:\/\/api.w.org\/{rel}","templated":true}]}}