{"id":25344,"date":"2026-02-11T03:35:04","date_gmt":"2026-02-11T02:35:04","guid":{"rendered":"https:\/\/jokkoshop.com\/?post_type=product&#038;p=25344"},"modified":"2026-02-11T03:35:05","modified_gmt":"2026-02-11T02:35:05","slug":"djellaba-marocaine-capuche-pour-femme","status":"publish","type":"product","link":"https:\/\/jokkoshop.com\/index.php\/product\/djellaba-marocaine-capuche-pour-femme\/","title":{"rendered":"DJELLABA MAROCAINE CAPUCHE POUR FEMME"},"content":{"rendered":"<div data-subtree=\"aimfl\" data-complete=\"true\" data-processed=\"true\">Cette tenue est une <strong class=\"Yjhzub\" data-complete=\"true\" data-processed=\"true\">djellaba marocaine <\/strong>traditionnelle pour femme avec des broderies.<\/div>\n<div data-subtree=\"aimfl\" data-complete=\"true\" data-processed=\"true\">\n<ul class=\"KsbFXc U6u95\" data-complete=\"true\" data-processed=\"true\">\n<li data-hveid=\"CAQQAA\" data-complete=\"true\" data-sae=\"\"><span class=\"T286Pc\" data-sfc-cp=\"\" data-complete=\"true\">Il s&#8217;agit d&#8217;une djellaba, souvent port\u00e9e pour des occasions sp\u00e9ciales comme l&#8217;A\u00efd ou des \u00e9v\u00e9nements culturels. Ce mod\u00e8le sp\u00e9cifique pr\u00e9sente des broderies artisanales (souvent appel\u00e9es &#8220;Tarz&#8221;) sur le buste et les poignets.<\/span><\/li>\n<li data-hveid=\"CAQQAQ\" data-complete=\"true\" data-sae=\"\"><span class=\"T286Pc\" data-sfc-cp=\"\" data-complete=\"true\">Ces tenues sont fr\u00e9quemment confectionn\u00e9es en <strong class=\"Yjhzub\" data-complete=\"true\">cr\u00eape de soie<\/strong> ou en cr\u00eape simple de haute qualit\u00e9 pour assurer un tomb\u00e9 fluide et \u00e9l\u00e9gant.<\/span><\/li>\n<li data-hveid=\"CAQQAg\" data-complete=\"true\" data-sae=\"\"><span class=\"T286Pc\" data-sfc-cp=\"\" data-complete=\"true\">Elle comporte une capuche traditionnelle et des finitions soign\u00e9es avec des boutons artisanaux (&#8220;Aaqad&#8221;) le long de l&#8217;ouverture centrale.<\/span><span class=\"uJ19be notranslate\" data-wiz-uids=\"F6t6N_13,F6t6N_14\" data-complete=\"true\"><span class=\"vKEkVd\" data-animation-atomic=\"\" data-wiz-attrbind=\"class=F6t6N_12\/TKHnVd\" data-sae=\"\"><span aria-hidden=\"true\">\u00a0<\/span><\/span><\/span><\/li>\n<\/ul>\n<\/div>\n","protected":false},"excerpt":{"rendered":"<p>Cette tenue est une djellaba marocaine traditionnelle pour femme avec des broderies. Il s&#8217;agit d&#8217;une djellaba, souvent port\u00e9e pour des occasions sp\u00e9ciales comme l&#8217;A\u00efd ou des \u00e9v\u00e9nements culturels. Ce mod\u00e8le sp\u00e9cifique pr\u00e9sente des broderies artisanales (souvent appel\u00e9es &#8220;Tarz&#8221;) sur le buste et les poignets. Ces tenues sont fr\u00e9quemment confectionn\u00e9es en cr\u00eape de soie ou en [&hellip;]<\/p>\n","protected":false},"featured_media":25230,"comment_status":"open","ping_status":"closed","template":"","meta":{"_monsterinsights_skip_tracking":false,"_monsterinsights_sitenote_active":false,"_monsterinsights_sitenote_note":"","_monsterinsights_sitenote_category":0},"product_cat":[15,137],"product_tag":[],"class_list":["post-25344","product","type-product","status-publish","has-post-thumbnail","hentry","product_cat-uncategorized","product_cat-femme","add-to-wishlist-after_add_to_cart"],"aioseo_notices":[],"_links":{"self":[{"href":"https:\/\/jokkoshop.com\/index.php\/wp-json\/wp\/v2\/product\/25344","targetHints":{"allow":["GET"]}}],"collection":[{"href":"https:\/\/jokkoshop.com\/index.php\/wp-json\/wp\/v2\/product"}],"about":[{"href":"https:\/\/jokkoshop.com\/index.php\/wp-json\/wp\/v2\/types\/product"}],"replies":[{"embeddable":true,"href":"https:\/\/jokkoshop.com\/index.php\/wp-json\/wp\/v2\/comments?post=25344"}],"wp:featuredmedia":[{"embeddable":true,"href":"https:\/\/jokkoshop.com\/index.php\/wp-json\/wp\/v2\/media\/25230"}],"wp:attachment":[{"href":"https:\/\/jokkoshop.com\/index.php\/wp-json\/wp\/v2\/media?parent=25344"}],"wp:term":[{"taxonomy":"product_cat","embeddable":true,"href":"https:\/\/jokkoshop.com\/index.php\/wp-json\/wp\/v2\/product_cat?post=25344"},{"taxonomy":"product_tag","embeddable":true,"href":"https:\/\/jokkoshop.com\/index.php\/wp-json\/wp\/v2\/product_tag?post=25344"}],"curies":[{"name":"wp","href":"https:\/\/api.w.org\/{rel}","templated":true}]}}