{"id":25317,"date":"2026-02-11T00:22:04","date_gmt":"2026-02-10T23:22:04","guid":{"rendered":"https:\/\/jokkoshop.com\/?post_type=product&#038;p=25317"},"modified":"2026-02-11T00:22:55","modified_gmt":"2026-02-10T23:22:55","slug":"ensemble-de-3pcs-femme-style-africaine","status":"publish","type":"product","link":"https:\/\/jokkoshop.com\/index.php\/product\/ensemble-de-3pcs-femme-style-africaine\/","title":{"rendered":"ENSEMBLE DE 3pcs POUR FEMME STYLE AFRICAINE"},"content":{"rendered":"<div class=\"Y3BBE\" data-sfc-cp=\"\" data-hveid=\"CAIQAA\" data-complete=\"true\" data-processed=\"true\">\n<div data-subtree=\"aimfl\" data-complete=\"true\" data-processed=\"true\">Cet <strong class=\"Yjhzub\" data-complete=\"true\" data-processed=\"true\">ensemble trois pi\u00e8ces de style africain<\/strong>, compos\u00e9 d&#8217;un long kimono fluide, d&#8217;un pantalon large assorti<\/div>\n<\/div>\n<ul class=\"KsbFXc U6u95\" data-complete=\"true\" data-processed=\"true\">\n<li data-hveid=\"CAUQAA\" data-complete=\"true\" data-sae=\"\"><span class=\"T286Pc\" data-sfc-cp=\"\" data-complete=\"true\">L&#8217;ensemble se distingue par ses <strong class=\"Yjhzub\" data-complete=\"true\">motifs bogolan<\/strong> ou g\u00e9om\u00e9triques, une esth\u00e9tique traditionnelle africaine revisit\u00e9e de fa\u00e7on moderne.<\/span><\/li>\n<li data-hveid=\"CAUQAQ\" data-complete=\"true\" data-sae=\"\"><span class=\"T286Pc\" data-sfc-cp=\"\" data-complete=\"true\">Ces tenues sont souvent confectionn\u00e9es en <strong class=\"Yjhzub\" data-complete=\"true\">soie<\/strong>, en <strong class=\"Yjhzub\" data-complete=\"true\">mousseline<\/strong> ou en <strong class=\"Yjhzub\" data-complete=\"true\">pagne wax<\/strong>.<\/span><\/li>\n<li data-hveid=\"CAUQAg\" data-complete=\"true\" data-sae=\"\"><span class=\"T286Pc\" data-sfc-cp=\"\" data-complete=\"true\">\u00a0 une tenue \u00e0 la fois chic et d\u00e9contract\u00e9e, id\u00e9ale pour des \u00e9v\u00e9nements sp\u00e9ciaux ou pour un style\u00a0<\/span><\/li>\n<\/ul>\n","protected":false},"excerpt":{"rendered":"<p>Cet ensemble trois pi\u00e8ces de style africain, compos\u00e9 d&#8217;un long kimono fluide, d&#8217;un pantalon large assorti L&#8217;ensemble se distingue par ses motifs bogolan ou g\u00e9om\u00e9triques, une esth\u00e9tique traditionnelle africaine revisit\u00e9e de fa\u00e7on moderne. Ces tenues sont souvent confectionn\u00e9es en soie, en mousseline ou en pagne wax. \u00a0 une tenue \u00e0 la fois chic et d\u00e9contract\u00e9e, [&hellip;]<\/p>\n","protected":false},"featured_media":25281,"comment_status":"open","ping_status":"closed","template":"","meta":{"_monsterinsights_skip_tracking":false,"_monsterinsights_sitenote_active":false,"_monsterinsights_sitenote_note":"","_monsterinsights_sitenote_category":0},"product_cat":[15,137],"product_tag":[],"class_list":["post-25317","product","type-product","status-publish","has-post-thumbnail","hentry","product_cat-uncategorized","product_cat-femme","add-to-wishlist-after_add_to_cart"],"aioseo_notices":[],"_links":{"self":[{"href":"https:\/\/jokkoshop.com\/index.php\/wp-json\/wp\/v2\/product\/25317","targetHints":{"allow":["GET"]}}],"collection":[{"href":"https:\/\/jokkoshop.com\/index.php\/wp-json\/wp\/v2\/product"}],"about":[{"href":"https:\/\/jokkoshop.com\/index.php\/wp-json\/wp\/v2\/types\/product"}],"replies":[{"embeddable":true,"href":"https:\/\/jokkoshop.com\/index.php\/wp-json\/wp\/v2\/comments?post=25317"}],"wp:featuredmedia":[{"embeddable":true,"href":"https:\/\/jokkoshop.com\/index.php\/wp-json\/wp\/v2\/media\/25281"}],"wp:attachment":[{"href":"https:\/\/jokkoshop.com\/index.php\/wp-json\/wp\/v2\/media?parent=25317"}],"wp:term":[{"taxonomy":"product_cat","embeddable":true,"href":"https:\/\/jokkoshop.com\/index.php\/wp-json\/wp\/v2\/product_cat?post=25317"},{"taxonomy":"product_tag","embeddable":true,"href":"https:\/\/jokkoshop.com\/index.php\/wp-json\/wp\/v2\/product_tag?post=25317"}],"curies":[{"name":"wp","href":"https:\/\/api.w.org\/{rel}","templated":true}]}}