{"id":25315,"date":"2026-02-10T23:53:12","date_gmt":"2026-02-10T22:53:12","guid":{"rendered":"https:\/\/jokkoshop.com\/?post_type=product&#038;p=25315"},"modified":"2026-02-11T00:03:20","modified_gmt":"2026-02-10T23:03:20","slug":"ensemble-pour-femme","status":"publish","type":"product","link":"https:\/\/jokkoshop.com\/index.php\/product\/ensemble-pour-femme\/","title":{"rendered":"ENSEMBLE POUR FEMME"},"content":{"rendered":"<blockquote>\n<div class=\"Y3BBE\" data-sfc-cp=\"\" data-hveid=\"CAIQAA\" data-complete=\"true\" data-processed=\"true\">\n<div data-subtree=\"aimfl\" data-complete=\"true\" data-processed=\"true\"><span class=\"Yjhzub\" data-complete=\"true\" data-processed=\"true\">c\u2019est des <\/span><strong class=\"Yjhzub\" data-complete=\"true\" data-processed=\"true\">ensembles de deux pi\u00e8ces <\/strong>\u00a0\u00e9l\u00e9gante, compos\u00e9 d&#8217;un haut de type tunique ou blouse en mousseline de soie (chiffon) et d&#8217;un pantalon large assorti.<span class=\"uJ19be notranslate\" data-wiz-uids=\"k3pI7b_k,k3pI7b_l\" data-complete=\"true\" data-processed=\"true\"><span class=\"vKEkVd\" data-animation-atomic=\"\" data-wiz-attrbind=\"class=k3pI7b_j\/TKHnVd\" data-sae=\"\"><span aria-hidden=\"true\">\u00a0<\/span><\/span><\/span><\/div>\n<\/div>\n<ul class=\"KsbFXc U6u95\" data-complete=\"true\" data-processed=\"true\">\n<li data-hveid=\"CAQQAA\" data-complete=\"true\" data-sae=\"\"><span class=\"T286Pc\" data-sfc-cp=\"\" data-complete=\"true\"><strong class=\"Yjhzub\" data-complete=\"true\">Le Haut :<\/strong> Il s&#8217;agit d&#8217;une blouse fluide et semi-transparente avec un d\u00e9collet\u00e9 en V et un d\u00e9tail de tour de cou (choker) int\u00e9gr\u00e9. Les manches sont longues et bouffantes avec des poignets resserr\u00e9s.<\/span><\/li>\n<li data-hveid=\"CAQQAQ\" data-complete=\"true\" data-sae=\"\"><span class=\"T286Pc\" data-sfc-cp=\"\" data-complete=\"true\"><strong class=\"Yjhzub\" data-complete=\"true\">Le Pantalon :<\/strong> Un pantalon \u00e0 jambes larges (palazzo), con\u00e7u dans une mati\u00e8re fluide pour offrir un mouvement a\u00e9rien et une silhouette \u00e9lanc\u00e9e.<\/span><\/li>\n<li data-hveid=\"CAQQAQ\" data-complete=\"true\" data-sae=\"\"><span class=\"T286Pc\" data-sfc-cp=\"\" data-complete=\"true\">\u00a0Cet ensemble est id\u00e9al pour des occasions formelles comme des mariages, des soir\u00e9es cocktails ou des \u00e9v\u00e9nements festifs en raison de son allure chic et sophistiqu\u00e9e.<\/span><span class=\"uJ19be notranslate\" data-wiz-uids=\"k3pI7b_15,k3pI7b_16\" data-complete=\"true\"><span class=\"vKEkVd\" data-animation-atomic=\"\" data-wiz-attrbind=\"class=k3pI7b_14\/TKHnVd\" data-sae=\"\"><span aria-hidden=\"true\">\u00a0<\/span><button class=\"rBl3me\" data-amic=\"true\" data-icl-uuid=\"a9c9d69c-96ab-4d36-914c-0d29f032f553\" aria-label=\"Afficher les liens associ\u00e9s\" data-wiz-attrbind=\"disabled=k3pI7b_14\/C5gNJc;aria-label=k3pI7b_14\/bOjMyf;class=k3pI7b_14\/UpSNec\" data-ved=\"2ahUKEwiX1POFg9CSAxVoRKQEHWtJCPYQye0OegQIBBAD\"><\/button><\/span><\/span><\/li>\n<\/ul>\n<div class=\"Fsg96\" data-sfc-cp=\"\" data-complete=\"true\" data-processed=\"true\"><\/div>\n<div class=\"AdPoic\" role=\"heading\" data-animation-nesting=\"\" data-sfc-cp=\"\" data-complete=\"true\" data-processed=\"true\" data-sae=\"\"><button class=\"rBl3me\" data-amic=\"true\" data-icl-uuid=\"e3cd7778-cc66-491f-b01d-fe1a53dd962d\" aria-label=\"Afficher les liens associ\u00e9s\" data-wiz-attrbind=\"disabled=k3pI7b_1i\/C5gNJc;aria-label=k3pI7b_1i\/bOjMyf;class=k3pI7b_1i\/UpSNec\" data-ved=\"2ahUKEwiX1POFg9CSAxVoRKQEHWtJCPYQye0OegQIBRAA\"><\/button>&#8220;<strong class=\"Yjhzub\" data-complete=\"true\" data-processed=\"true\">JOKKO Shop<\/strong>&#8220;<\/div>\n<\/blockquote>\n","protected":false},"excerpt":{"rendered":"<ol>\n<li><\/li>\n<\/ol>\n","protected":false},"featured_media":25296,"comment_status":"open","ping_status":"closed","template":"","meta":{"_monsterinsights_skip_tracking":false,"_monsterinsights_sitenote_active":false,"_monsterinsights_sitenote_note":"","_monsterinsights_sitenote_category":0},"product_cat":[15,137],"product_tag":[],"class_list":["post-25315","product","type-product","status-publish","has-post-thumbnail","hentry","product_cat-uncategorized","product_cat-femme","add-to-wishlist-after_add_to_cart"],"aioseo_notices":[],"_links":{"self":[{"href":"https:\/\/jokkoshop.com\/index.php\/wp-json\/wp\/v2\/product\/25315","targetHints":{"allow":["GET"]}}],"collection":[{"href":"https:\/\/jokkoshop.com\/index.php\/wp-json\/wp\/v2\/product"}],"about":[{"href":"https:\/\/jokkoshop.com\/index.php\/wp-json\/wp\/v2\/types\/product"}],"replies":[{"embeddable":true,"href":"https:\/\/jokkoshop.com\/index.php\/wp-json\/wp\/v2\/comments?post=25315"}],"wp:featuredmedia":[{"embeddable":true,"href":"https:\/\/jokkoshop.com\/index.php\/wp-json\/wp\/v2\/media\/25296"}],"wp:attachment":[{"href":"https:\/\/jokkoshop.com\/index.php\/wp-json\/wp\/v2\/media?parent=25315"}],"wp:term":[{"taxonomy":"product_cat","embeddable":true,"href":"https:\/\/jokkoshop.com\/index.php\/wp-json\/wp\/v2\/product_cat?post=25315"},{"taxonomy":"product_tag","embeddable":true,"href":"https:\/\/jokkoshop.com\/index.php\/wp-json\/wp\/v2\/product_tag?post=25315"}],"curies":[{"name":"wp","href":"https:\/\/api.w.org\/{rel}","templated":true}]}}